5. List the prime factors of r.
3, 43
Suppose -6*w - 5*n - 1 = -3*w, -25 = -5*w + 5*n. Let y be w/18 + (-3)/18. Suppose 4*k + 3*p - 9 = -2*p, 4*k - 2*p - 30 = y. List the prime factors of k.
2, 3
Let j = -9 - -6. Let h be (-12)/9 - (-2)/j. What are the prime factors of (100/(-16))/(h/8)?
5
Let p = -4 - -2. Let j(r) = -2 + 21*r - 19*r + 4*r**2 - 3*r. List the prime factors of j(p).
2
Let a(x) = 2*x**2 + 4*x + 4. Let o be a(-3). Suppose 5*i - 73 = -2*l + 44, -2*l + 105 = i. Let v = l - o. List the prime factors of v.
41
Suppose -2*k + 22 = 6. List the prime factors of 3814/30 + k/(-60).
127
Let r = -18 + 22. Let l be (1/(-2))/(2/r). Let m(o) = -29*o - 1. List the prime factors of m(l).
2, 7
Let j = 186 - -69. What are the prime factors of j?
3, 5, 17
Let a be 2/5*(-3)/((-12)/20). Suppose -5*j = 5, -27 = -4*r - 3*j - a*j. List the prime factors of r.
2
Let g be (-4)/(-4 + (4 - 2)). Suppose g*f - 20 = -3*f. Suppose -23 = f*s - 147. List the prime factors of s.
31
Let r = 15 - 12. Suppose 4*l - 107 - 72 = r*g, -4*g = -l + 61. What are the prime factors of l?
41
Let p(j) = 2 + 1 - 3*j + 4 - 3 + 6*j**2. Let y be p(5). Suppose 4*m + 2*x - y = m, 49 = m - 2*x. What are the prime factors of m?
47
List the prime factors of 191 - (-10 + 10 + -6).
197
Suppose 0 = 11*t - 16209 + 5825. Suppose 11*f - 123 - t = 0. List the prime factors of f.
97
Suppose -w = -2*o + 2078, 2*o + 4*w = -2*o + 4180. List the prime factors of o.
3, 347
Suppose 2*o + 1 = -4*n - 1, 0 = 4*o - 4*n + 28. Let s(h) = h**3 + 6*h**2 - h - 6. Let r be s(o). Suppose 0 = -t + 3*t - r. What are the prime factors of t?
2, 3
Suppose 0*a - 5*s = a - 641, 2*a - 2*s - 1258 = 0. What are the prime factors of a?
631
Let c(q) = -2*q - 15. Let l be c(-10). Suppose -l*s - 4 = -24. Let z = s - -7. What are the prime factors of z?
11
What are the prime factors of (-618)/(-1) - (-21 + 28)?
13, 47
Let b(f) = f. Let p be b(2). Suppose -g = j - 12, p*j + j + 15 = 0. What are the prime factors of g?
17
Let y be (-4)/6 + 12/(-9). Let b(q) = -q**3 - 2*q**2 - q. Let u be b(y). List the prime factors of u/(-4)*23*-2.
23
Let z(h) = -1609*h - 70. List the prime factors of z(-1).
3, 19
Suppose -5*k + 50 = -5*m, -4*m + 26 = 2*k - 0*k. Suppose -n = -34 + k. What are the prime factors of n?
23
List the prime factors of 2586950/1302 - (4/(-42) + 0).
1987
Let x be -3*(-1 - -6)*-1. Let k = -14 + 17. Suppose -56 = -c + k*l - x, -4*c = l - 112. What are the prime factors of c?
29
Suppose 4*z - 2535 = -r, 0*r + 3*r = -5*z + 3167. What are the prime factors of z?
2, 317
Suppose w - 19 = k + 13, -2*k + 72 = 2*w. Let b = w - 23. Suppose 2*n + 3*u + b = 80, -u = -3. List the prime factors of n.
2, 3, 5
Let a(g) = g - 13. Let p be a(17). Suppose -5*n = 5*o - 129 - 66, 3*n + p*o = 120. What are the prime factors of n?
2, 3
List the prime factors of ((-6)/(-30)*92)/((-1)/(-35)).
2, 7, 23
Let j(m) = 4*m**2 + 19*m + 55. List the prime factors of j(-12).
13, 31
Let u(c) = -c**2 + 12*c - 7. Let p be u(11). Suppose 5*i = p*i - 2. Let j(o) = 5*o**2 - 2*o. What are the prime factors of j(i)?
2, 3
Let f = 1233 - 1110. List the prime factors of f.
3, 41
Suppose 2*y - 3*i = -2*i + 33796, -2*y + 2*i = -33796. What are the prime factors of y/63 + 6/(-27)?
2, 67
Suppose -4*g - 3*v - 352 = -2203, 1407 = 3*g - 4*v. List the prime factors of g.
3, 5, 31
List the prime factors of 44/(((-7)/574)/(3/(-12))).
2, 11, 41
Let l be 2 - (-3 + 4) - -110. Suppose l = 3*r - 213. Suppose 4*k = r + 152. List the prime factors of k.
5, 13
Suppose 0 = 5*b - 9 - 1. Suppose 5*a + 79 = 3*z, z = b*a - a + 23. Suppose f - z = -0*f. What are the prime factors of f?
2, 3
Suppose 8*t - t - 2723 = 0. Suppose 9*k = 412 + t. What are the prime factors of k?
89
Suppose -296*j + 302*j - 828 = 0. List the prime factors of j.
2, 3, 23
Let q be (-31)/(-11) - 2/(-11). Suppose -3*z - q*p = -p - 32, 4*p + 46 = 5*z. List the prime factors of z.
2, 5
Suppose 3*i + 13 = t, 2*i + 0 + 2 = 0. Suppose -4*q + 6 = -t. Suppose w - 7 = -x, -q*w + w = -4*x + 63. List the prime factors of x.
2, 3
Suppose -6*x - 1123 + 1 = 0. Let r(m) = -45*m + 2. Let l be r(3). Let n = l - x. What are the prime factors of n?
2, 3
Suppose -8043 = 4*s + 681. Let j = -1251 + s. List the prime factors of j/(-60) + 2/(-10).
3, 19
Let z be (12/(-8))/(9/(-12)). Suppose 0*s - z = -2*s. What are the prime factors of (s + -3)*(-102)/12?
17
Let h(d) = 54 - 49 + 3*d + 0*d. List the prime factors of h(16).
53
Suppose 70*r = -114502 + 450922. What are the prime factors of r?
2, 3, 89
Let b(g) be the third derivative of -g**5/60 - 5*g**4/24 + g**3/2 - g**2. Let s be b(-5). What are the prime factors of (s/(-6))/((-1)/4)?
2
Suppose -6*g - 8 = -2*g, -3*r - 4*g + 1084 = 0. List the prime factors of r.
2, 7, 13
Suppose 2*c - 9*c + 1050 = 0. List the prime factors of c.
2, 3, 5
Suppose 2*n - 7*n + 3*x - 13 = 0, -x - 1 = n. What are the prime factors of ((-3)/n + -1)/(2/20)?
5
Let x(d) = -2*d**2 + 35*d - 66. What are the prime factors of x(12)?
2, 3, 11
What are the prime factors of 9/(1287/26) + (-21030)/(-11)?
2, 239
What are the prime factors of 2 + 2/2 - 36240/(-12)?
3023
Suppose 0 = 4*s - 2 - 10. Suppose s*m = 2*m + 45. What are the prime factors of m?
3, 5
Suppose 1784 + 1832 = 16*d. What are the prime factors of d?
2, 113
Suppose 620 = -4*m + 3468. What are the prime factors of m?
2, 89
Let b = 171 - 88. Let g = -44 + b. List the prime factors of g.
3, 13
Suppose -13*l + 2580 = -12*l. List the prime factors of l.
2, 3, 5, 43
Suppose 4*z = 4*q, -3*q - 28 = 4*z - 0*q. Let u be (-2338)/(-13) - z/26. Suppose s = -3*s + u. What are the prime factors of s?
3, 5
Suppose 2*y = 956 + 100. List the prime factors of y.
2, 3, 11
Suppose 1 = 2*m + 5, k - 1 = -m. Suppose 3*n - 9 = k. List the prime factors of n.
2
Suppose -3*g + 1575 = 3*c, -g = c - 5*g - 540. List the prime factors of c.
2, 3, 11
List the prime factors of (784/12)/((-60)/(-945)).
3, 7
Suppose 5*c - 20 = c. Suppose 3*k + 825 = -3*d + 6*d, 1415 = 5*d + c*k. List the prime factors of d.
3, 31
Let c(a) = 2*a**3 + 35*a**2 + 24*a - 15. List the prime factors of c(-15).
2, 3, 5
Let t = -34 + 196. What are the prime factors of t?
2, 3
Let k(d) = d**2 - 24*d + 26. Let u be k(13). Let x = u - -197. What are the prime factors of x?
2, 5
Let u(b) = b**2 + 1. Let y be u(1). Let q = -57 + 70. Let o = q + y. List the prime factors of o.
3, 5
Let a(t) = -19*t + 3. Let r(p) = p + 5. Let i be r(-6). What are the prime factors of a(i)?
2, 11
Let t(s) = -12*s**3 + 2*s - 2. Let u be t(2). Let f = 156 + u. List the prime factors of f.
2, 31
Let m(d) = d**2 + 10*d + 12. Let r be m(-9). Suppose 39 = 4*w - r*x, 4*w - 2*x - 38 = -4. What are the prime factors of (w/4)/((-3)/(-62))?
31
Let y(l) = 3*l**2 - 4*l - 1. Let x be y(2). Suppose 0*h + 343 = 3*h + 2*a, 0 = -x*a - 12. What are the prime factors of h?
3, 13
Suppose -7*p + 24 = -5*p. Let v be -2 + 4/8*p. Let k = v + 5. List the prime factors of k.
3
Let o(b) = 13*b**3 + 2*b**2 - 33*b + 40. What are the prime factors of o(6)?
2, 1361
Suppose -4*g = -6*g + 30. Let p = -8 + g. List the prime factors of (-2 - p)*1*-3.
3
Suppose -65 = -5*b - l, -2*b + b - 2*l + 4 = 0. What are the prime factors of 987/b*(0 - -1*2)?
3, 47
Suppose -3*k + 11 = j, 8*k - j = 5*k + 13. Suppose -3*h + 535 = k. What are the prime factors of h?
3, 59
Let f(q) = q**2 + q - 19. Suppose 2*g = -0*c - 2*c - 6, 10 = 2*c. List the prime factors of f(g).
37
Suppose 0 = 7*r - 5*r - 8. Suppose 0*d - 4*d + 16 = 0, 5*d + r = 4*z. List the prime factors of z.
2, 3
Suppose -62*i + 66*i - 3496 = 0. What are the prime factors of i?
2, 19, 23
Let u be (-1 - 3) + 3 - -16. Let s be (u - 369)*2/(-2). Suppose -v - 5*v = -s. What are the prime factors of v?
59
Suppose 884 = 2*v + r, 592 = 2*v - r - 300. List the prime factors of ((-1)/(-2))/(2/v).
3, 37
Suppose -19*z = -16*z - 12. Suppose 3*m - 1008 = -z*w - m, 0 = -w - 4*m + 249. List the prime factors of w.
11, 23
Let w = 140 - -6. Suppose w = 19*z - 139. List the prime factors of z.
3, 5
Suppose 2266 = 4*g + 12*w - 10*w, -5*w + 1145 = 2*g. List the prime factors of g.
5, 113
Let s(w) = -w**2 + 9*w + 14. Let u be s(10). Let f be 17 + 4*(-2)/u. What are the prime factors of (4 - (2 - 0)) + f?
17
Let d(c) = -c**2 + 11*c + 9. Suppose -22 = f 